actors of 32057.
32057
What are the prime factors of 4733535?
3, 5, 315569
List the prime factors of 1175543.
97, 12119
List the prime factors of 57507.
3, 29, 661
What are the prime factors of 236950?
2, 5, 7, 677
List the prime factors of 2413223.
2413223
What are the prime factors of 3322782?
2, 3, 43, 53
List the prime factors of 805533.
3, 29, 47, 197
What are the prime factors of 32487981?
3, 331, 32717
List the prime factors of 13511407.
7, 13, 21211
What are the prime factors of 607837?
607837
List the prime factors of 1563522.
2, 3, 260587
What are the prime factors of 234884?
2, 13, 4517
What are the prime factors of 238014?
2, 3, 7, 1889
List the prime factors of 480478.
2, 79, 3041
What are the prime factors of 559061?
23, 109, 223
What are the prime factors of 4123323?
3, 19, 24113
List the prime factors of 473702.
2, 433, 547
What are the prime factors of 505623?
3, 168541
List the prime factors of 67647.
3, 22549
List the prime factors of 1780849.
7, 254407
What are the prime factors of 9827559?
3, 7, 47, 3319
List the prime factors of 2859582.
2, 3, 11, 37, 1171
List the prime factors of 2550421.
97, 26293
List the prime factors of 2419061.
19, 6701
List the prime factors of 640123.
11, 58193
What are the prime factors of 1887333?
3, 7, 37, 347
List the prime factors of 400799.
7, 31, 1847
What are the prime factors of 10179283?
349, 29167
What are the prime factors of 203665?
5, 7, 11, 23
List the prime factors of 20057115.
3, 5, 13, 73, 1409
What are the prime factors of 19682921?
19682921
What are the prime factors of 647307?
3, 71, 1013
List the prime factors of 9086927.
9086927
What are the prime factors of 652430?
2, 5, 53, 1231
List the prime factors of 236110.
2, 5, 7, 3373
What are the prime factors of 105524?
2, 23, 31, 37
List the prime factors of 758629.
758629
List the prime factors of 7378775.
5, 31, 9521
What are the prime factors of 14482566?
2, 3, 7, 114941
List the prime factors of 1416160.
2, 5, 53, 167
List the prime factors of 4437512.
2, 41, 83, 163
What are the prime factors of 6783556?
2, 13, 191, 683
What are the prime factors of 177881?
11, 103, 157
What are the prime factors of 395189?
395189
List the prime factors of 391555.
5, 78311
What are the prime factors of 9818089?
9818089
List the prime factors of 1415808.
2, 3, 1229
List the prime factors of 8770976.
2, 274093
What are the prime factors of 16174328?
2, 37, 53, 1031
List the prime factors of 1802462.
2, 317, 2843
List the prime factors of 15357348.
2, 3, 127, 3359
What are the prime factors of 199881?
3, 11, 673
What are the prime factors of 1834848?
2, 3, 23, 277
List the prime factors of 2976967.
7, 425281
What are the prime factors of 25575434?
2, 31, 137, 3011
List the prime factors of 11502.
2, 3, 71
List the prime factors of 131142.
2, 3, 11, 1987
List the prime factors of 139114.
2, 69557
List the prime factors of 82110.
2, 3, 5, 7, 17, 23
List the prime factors of 7901650.
2, 5, 23, 6871
List the prime factors of 14518981.
14518981
List the prime factors of 1169059.
1169059
What are the prime factors of 720082?
2, 11, 71, 461
What are the prime factors of 198515?
5, 39703
What are the prime factors of 913074?
2, 3, 31, 4909
List the prime factors of 5446249.
5446249
What are the prime factors of 423375?
3, 5, 1129
What are the prime factors of 106697?
23, 4639
What are the prime factors of 3316587?
3, 653, 1693
What are the prime factors of 36401961?
3, 73, 166219
List the prime factors of 262599.
3, 17, 19, 271
List the prime factors of 18075921.
3, 6025307
List the prime factors of 493042.
2, 11, 73, 307
What are the prime factors of 12307225?
5, 7, 70327
List the prime factors of 1862.
2, 7, 19
List the prime factors of 819641.
19, 179, 241
List the prime factors of 2618519.
839, 3121
List the prime factors of 7913040.
2, 3, 5, 32971
List the prime factors of 10978275.
3, 5, 7, 11, 1901
What are the prime factors of 1994425?
5, 79777
What are the prime factors of 193703?
193703
What are the prime factors of 330974?
2, 7, 47, 503
List the prime factors of 369489.
3, 29, 31, 137
List the prime factors of 1851838.
2, 43, 61, 353
List the prime factors of 7169510.
2, 5, 716951
What are the prime factors of 2890007?
401, 7207
List the prime factors of 3472922.
2, 1736461
What are the prime factors of 21786664?
2, 2723333
What are the prime factors of 19304542?
2, 1231, 7841
What are the prime factors of 2034360?
2, 3, 5, 5651
List the prime factors of 8501826.
2, 3, 103, 13757
What are the prime factors of 1056670?
2, 5, 105667
What are the prime factors of 176206?
2, 19, 4637
List the prime factors of 2742441.
3, 13, 19, 3701
List the prime factors of 742373.
17, 43669
List the prime factors of 8730228.
2, 3, 13, 191, 293
What are the prime factors of 1215575?
5, 48623
What are the prime factors of 65629?
65629
List the prime factors of 12476163.
3, 7, 594103
List the prime factors of 27402.
2, 3, 4567
What are the prime factors of 815577?
3, 7, 71, 547
List the prime factors of 6240721.
19, 503, 653
List the prime factors of 733706.
2, 366853
What are the prime factors of 6909190?
2, 5, 690919
List the prime factors of 4501612.
2, 29, 151, 257
What are the prime factors of 406322?
2, 7, 29023
List the prime factors of 151675.
5, 6067
What are the prime factors of 4961667?
3, 199, 8311
List the prime factors of 493400.
2, 5, 2467
What are the prime factors of 3038034?
2, 3, 506339
What are the prime factors of 75364?
2, 83, 227
List the prime factors of 618221.
101, 6121
List the prime factors of 5497419.
3, 103, 17791
What are the prime factors of 352213?
43, 8191
List the prime factors of 9112119.
3, 17, 29, 61, 101
List the prime factors of 1995520.
2, 5, 1559
List the prime factors of 96497.
96497
List the prime factors of 19902067.
19902067
List the prime factors of 7897171.
439, 17989
List the prime factors of 790534.
2, 17, 23251
List the prime factors of 507883.
507883
What are the prime factors of 40681?
17, 2393
List the prime factors of 1584632.
2, 7, 28297
What are the prime factors of 661208?
2, 82651
List the prime factors of 333999.
3, 17, 37, 59
What are the prime factors of 3802?
2, 1901
What are the prime factors of 3965645?
5, 793129
What are the prime factors of 173615?
5, 13, 2671
What are the prime factors of 126960?
2, 3, 5, 23
List the prime factors of 25988353.
25988353
What are the prime factors of 2660868?
2, 3, 7, 10559
List the prime factors of 24054723.
3, 7, 11, 103, 337
What are the prime factors of 36411?
3, 53, 229
List the prime factors of 217013.
41, 67, 79
What are the prime factors of 100207?
100207
List the prime factors of 6247813.
11, 13, 43691
List the prime factors of 2858454.
2, 3, 158803
What are the prime factors of 1122218?
2, 561109
List the prime factors of 229356.
2, 3, 23, 277
List the prime factors of 2917249.
43, 67843
List the prime factors of 51421.
51421
List the prime factors of 6691048.
2, 7, 13, 101
What are the prime factors of 1583543?
13, 41, 2971
List the prime factors of 67115.
5, 31, 433
What are the prime factors of 415807?
7, 191, 311
What are the prime factors of 34670497?
17, 19, 107339
What are the prime factors of 28502774?
2, 19, 47, 15959
What are the prime factors of 505041?
3, 168347
What are the prime factors of 53313?
3, 13, 1367
List the prime factors of 6285279.
3, 7, 11, 13, 23
List the prime factors of 4462797.
3, 1487599
List the prime factors of 2210384.
2, 11, 19, 661
What are the prime factors of 1060153?
29, 139, 263
List the prime factors of 3267337.
3267337
List the prime factors of 803974.
2, 401987
What are the prime factors of 1609449?
3, 293, 1831
List the prime factors of 183705.
3, 5, 37, 331
What are the prime factors of 1559313?
3, 7, 53, 467
What are the prime factors of 10894105?
5, 163, 13367
List the prime factors of 352650.
2, 3, 5, 2351
What are the prime factors of 143797?
143797
List the prime factors of 741689.
13, 59, 967
List the prime factors of 2951642.
2, 17, 86813
What are the prime factors of 1570589?
223, 7043
List the prime factors of 14436462.
2, 3, 131, 18367
List the prime factors of 317960.
2, 5, 7949
List the prime factors of 4472197.
4472197
What are the prime factors of 423253?
151, 2803
List the prime factors o